{"id":258,"date":"2018-04-03T09:44:37","date_gmt":"2018-04-03T09:44:37","guid":{"rendered":"http:\/\/curly.mikado-themes.com\/?page_id=258"},"modified":"2022-08-24T13:57:52","modified_gmt":"2022-08-24T13:57:52","slug":"mariage-et-graduation","status":"publish","type":"page","link":"https:\/\/sohaut.ca\/index.php\/mariage-et-graduation\/","title":{"rendered":"Mariage et Graduation"},"content":{"rendered":"<div class=\"wpb-content-wrapper\"><p>[vc_row row_content_width=\u00a0\u00bbgrid\u00a0\u00bb css=\u00a0\u00bb.vc_custom_1523455224664{padding-top: 35px !important;padding-bottom: 69px !important;}\u00a0\u00bb][vc_column offset=\u00a0\u00bbvc_col-lg-offset-0 vc_col-lg-6 vc_col-md-offset-1 vc_col-md-10&Prime;][vc_empty_space height=\u00a0\u00bb75px\u00a0\u00bb]<div class=\"mkdf-info-section  mkdf-dark mkdf-center\">\n\n    \n    <div class=\"mkdf-is-inner\" style=\"width:80%\">\n\n                    <h5 class=\"mkdf-is-subtitle\">\n            Votre grand jour            <\/h5>\n        \n                    <h3 class=\"mkdf-is-title\">\n            Mariage            <\/h3>\n        \n                    <p class=\"mkdf-is-text\">\n            L\u2019\u00e9quipe de professionnels SO-HAUT se fera le plaisir de se d\u00e9placer, \u00e0 l\u2019endroit choisit, pour vous coiffer lors de votre grand jour! Un service clef en main pour faire de votre r\u00eave une r\u00e9alit\u00e9 ! Le prix sera d\u00e9termin\u00e9 sur place selon vos besoins. (*Des frais de d\u00e9placement peuvent s\u2019appliquer)            <\/p>\n        \n                    <div class=\"mkdf-is-button\" >\n                <a itemprop=\"url\" href=\"https:\/\/sohaut.ca\/nous-joindre\/\" target=\"_self\"  class=\"mkdf-btn mkdf-btn-medium mkdf-btn-simple\"  >    <span class=\"mkdf-btn-text\">Nous joindre<\/span>    <\/a>            <\/div>\n        \n    <\/div>\n<\/div>[vc_empty_space height=\u00a0\u00bb75px\u00a0\u00bb][\/vc_column][vc_column offset=\u00a0\u00bbvc_col-lg-offset-0 vc_col-lg-6 vc_col-md-offset-1 vc_col-md-10&Prime;][vc_empty_space height=\u00a0\u00bb75px\u00a0\u00bb]<div class=\"mkdf-info-section  mkdf-dark mkdf-center\">\n\n    \n    <div class=\"mkdf-is-inner\" style=\"width:80%\">\n\n                    <h5 class=\"mkdf-is-subtitle\">\n            Votre graduation            <\/h5>\n        \n                    <h3 class=\"mkdf-is-title\">\n            Bal de finissants            <\/h3>\n        \n                    <p class=\"mkdf-is-text\">\n            Nous sommes les sp\u00e9cialistes dans les coiffures de bal de finissants. Nous offrons ce service en salon ou il nous fera plaisir de se d\u00e9placer pour vous coiffer pour cet \u00e9v\u00e8nement! Le prix sera d\u00e9termin\u00e9 sur place selon vos besoins. (*Des frais de d\u00e9placement peuvent s\u2019appliquer)            <\/p>\n        \n                    <div class=\"mkdf-is-button\" >\n                <a itemprop=\"url\" href=\"https:\/\/sohaut.ca\/nous-joindre\/\" target=\"_self\"  class=\"mkdf-btn mkdf-btn-medium mkdf-btn-simple\"  >    <span class=\"mkdf-btn-text\">Nous joindre<\/span>    <\/a>            <\/div>\n        \n    <\/div>\n<\/div>[vc_empty_space height=\u00a0\u00bb75px\u00a0\u00bb][\/vc_column][\/vc_row][vc_row row_content_width=\u00a0\u00bbgrid\u00a0\u00bb simple_background_color=\u00a0\u00bb#282828&Prime; css=\u00a0\u00bb.vc_custom_1523450184100{padding-top: 35px !important;padding-bottom: 150px !important;}\u00a0\u00bb][vc_column offset=\u00a0\u00bbvc_col-lg-offset-2 vc_col-lg-8&Prime;]<div class=\"mkdf-info-section  mkdf-light mkdf-center\">\n\n            <var class=\"mkdf-is-background-text\" style=\"font-size:225px\" id=\"mkdf-is-background-text-449\" >\n        So-Haut        <\/var>\n    \n    <div class=\"mkdf-is-inner\" style=\"padding-top:112.5px;width:100%\">\n\n                    <h5 class=\"mkdf-is-subtitle\">\n            so-haut \u2022 depuis 2009            <\/h5>\n        \n                    <h2 class=\"mkdf-is-title\">\n            Vous aimeriez avoir plus d&#039;informations ou faire une r\u00e9servation?            <\/h2>\n        \n                    <h6 class=\"mkdf-is-text\">\n            Que ce soit pour un mariage, une graduation, une f\u00eate ou une soir\u00e9e sp\u00e9ciale, l\u2019\u00e9quipe SO-HAUT se fera le plaisir de se d\u00e9placer pour vous coiffer. Puisque chaque \u00e9v\u00e8nement est diff\u00e9rent, nous offrons des tarifs personnalis\u00e9s pour r\u00e9pondre \u00e0 tous vos besoins. Nous offrons aussi des r\u00e9f\u00e9rences de professionnelles en maquillage!            <\/h6>\n        \n                    <div class=\"mkdf-is-button\" >\n                <a itemprop=\"url\" href=\"https:\/\/sohaut.ca\/nous-joindre\/\" target=\"_self\" style=\"color: #ffffff;border-color: #ffffff\" class=\"mkdf-btn mkdf-btn-medium mkdf-btn-outline\"  >    <span class=\"mkdf-btn-text\">Communiquez avec nous!<\/span>    <\/a>            <\/div>\n        \n    <\/div>\n<\/div>[\/vc_column][\/vc_row]<\/p>\n<\/div>","protected":false},"excerpt":{"rendered":"<p>[vc_row row_content_width=\u00a0\u00bbgrid\u00a0\u00bb css=\u00a0\u00bb.vc_custom_1523455224664{padding-top: 35px !important;padding-bottom: 69px !important;}\u00a0\u00bb][vc_column offset=\u00a0\u00bbvc_col-lg-offset-0 vc_col-lg-6 vc_col-md-offset-1 vc_col-md-10&Prime;][vc_empty_space height=\u00a0\u00bb75px\u00a0\u00bb][vc_empty_space height=\u00a0\u00bb75px\u00a0\u00bb][\/vc_column][vc_column offset=\u00a0\u00bbvc_col-lg-offset-0 vc_col-lg-6 vc_col-md-offset-1 vc_col-md-10&Prime;][vc_empty_space height=\u00a0\u00bb75px\u00a0\u00bb][vc_empty_space height=\u00a0\u00bb75px\u00a0\u00bb][\/vc_column][\/vc_row][vc_row row_content_width=\u00a0\u00bbgrid\u00a0\u00bb simple_background_color=\u00a0\u00bb#282828&Prime; css=\u00a0\u00bb.vc_custom_1523450184100{padding-top: 35px !important;padding-bottom: 150px !important;}\u00a0\u00bb][vc_column offset=\u00a0\u00bbvc_col-lg-offset-2 vc_col-lg-8&Prime;][\/vc_column][\/vc_row]<\/p>\n","protected":false},"author":1,"featured_media":0,"parent":0,"menu_order":0,"comment_status":"closed","ping_status":"closed","template":"full-width.php","meta":[],"_links":{"self":[{"href":"https:\/\/sohaut.ca\/index.php\/wp-json\/wp\/v2\/pages\/258"}],"collection":[{"href":"https:\/\/sohaut.ca\/index.php\/wp-json\/wp\/v2\/pages"}],"about":[{"href":"https:\/\/sohaut.ca\/index.php\/wp-json\/wp\/v2\/types\/page"}],"author":[{"embeddable":true,"href":"https:\/\/sohaut.ca\/index.php\/wp-json\/wp\/v2\/users\/1"}],"replies":[{"embeddable":true,"href":"https:\/\/sohaut.ca\/index.php\/wp-json\/wp\/v2\/comments?post=258"}],"version-history":[{"count":42,"href":"https:\/\/sohaut.ca\/index.php\/wp-json\/wp\/v2\/pages\/258\/revisions"}],"predecessor-version":[{"id":4798,"href":"https:\/\/sohaut.ca\/index.php\/wp-json\/wp\/v2\/pages\/258\/revisions\/4798"}],"wp:attachment":[{"href":"https:\/\/sohaut.ca\/index.php\/wp-json\/wp\/v2\/media?parent=258"}],"curies":[{"name":"wp","href":"https:\/\/api.w.org\/{rel}","templated":true}]}}