{"id":3989,"date":"2018-10-20T15:30:27","date_gmt":"2018-10-20T15:30:27","guid":{"rendered":"http:\/\/sohaut.ca\/?page_id=3989"},"modified":"2021-09-07T23:46:26","modified_gmt":"2021-09-07T23:46:26","slug":"hommes","status":"publish","type":"page","link":"https:\/\/sohaut.ca\/index.php\/hommes\/","title":{"rendered":"Barbier pour hommes"},"content":{"rendered":"<div class=\"wpb-content-wrapper\"><p>[vc_row row_content_width=\u00a0\u00bbgrid\u00a0\u00bb css=\u00a0\u00bb.vc_custom_1524661081724{padding-top: 137px !important;padding-bottom: 87px !important;}\u00a0\u00bb][vc_column offset=\u00a0\u00bbvc_col-lg-offset-0 vc_col-lg-6 vc_col-md-offset-1 vc_col-md-10 vc_col-sm-offset-0&Prime;][vc_column_text]<\/p>\n<div class=\"_4bl9\">\n<h3 class=\"_3-8w\">Le salon de coiffure par excellence pour hommes<\/h3>\n<\/div>\n<p>[\/vc_column_text][vc_empty_space height=\u00a0\u00bb35px\u00a0\u00bb][vc_column_text]<span id=\"u4536-2\">So-Haut vous\u00a0<\/span>offre une \u00e9quipe d&rsquo;experts du cuir chevelu masculin qui saura r\u00e9pondre \u00e0 toutes vos attentes dans une ambiance d\u00e9contract\u00e9e. Que vous soyez \u00e0 la recherche d\u2019une coupe tendance ou classique, d\u2019un rasage \u00e0 l\u2019ancienne ou d\u2019une taille de barbe personnalis\u00e9e,\u00a0<span id=\"u4536-4\">nos professionnels vous\u00a0<\/span>propose une gamme de services compl\u00e8te sp\u00e9cialis\u00e9s pour la gente masculine !<\/p>\n<h4><\/h4>\n<h4>NOS TARIFS<\/h4>\n<ul>\n<li>Coupe pour hommes : 30$ et plus<\/li>\n<li>Rasage complet de la t\u00eate (clipper) : 30$ et plus<\/li>\n<li>Rasage complet de la t\u00eate (lame) : 30$ et plus<\/li>\n<li>Coupe avec \u00a0\u00bbfade\u00a0\u00bb : 32$ et plus<\/li>\n<li>Rasage de la barbe complet : 32$ et plus<\/li>\n<li>Taille de la barbe au clipper: 20$ et plus<\/li>\n<li>Taille de la barbe \u00e0 la lame : 25$ et plus<\/li>\n<li>Coupe et taille de la barbe (lame) : 55$ et plus<\/li>\n<li>Coupe et taille de la barbe (clipper) : 48$ et plus<\/li>\n<\/ul>\n<p><strong>*Veuillez prendre note qu\u2019une augmentation possible entre 5$ \u00e0 10$ s\u2019appliquera au montant total.\u00a0\u00a0<\/strong><\/p>\n<p><em>*Taxes et pourboire en sus. Les prix sont sujets \u00e0 changements sans pr\u00e9avis.\u00a0<\/em>[\/vc_column_text][\/vc_column][vc_column offset=\u00a0\u00bbvc_col-lg-offset-0 vc_col-lg-6 vc_col-md-offset-1 vc_col-md-10 vc_col-sm-offset-0&Prime;]<div class=\"mkdf-stacked-images-holder  mkdf-si-position-right\">\n    <div class=\"mkdf-si-images\">\n                    <img width=\"1364\" height=\"2048\" src=\"https:\/\/sohaut.ca\/wp-content\/uploads\/2018\/10\/15271863_1779141009019344_781183063520236000_o.jpg\" class=\"mkdf-si-first-image\" alt=\"\" loading=\"lazy\" srcset=\"https:\/\/sohaut.ca\/wp-content\/uploads\/2018\/10\/15271863_1779141009019344_781183063520236000_o.jpg 1364w, https:\/\/sohaut.ca\/wp-content\/uploads\/2018\/10\/15271863_1779141009019344_781183063520236000_o-200x300.jpg 200w, https:\/\/sohaut.ca\/wp-content\/uploads\/2018\/10\/15271863_1779141009019344_781183063520236000_o-768x1153.jpg 768w, https:\/\/sohaut.ca\/wp-content\/uploads\/2018\/10\/15271863_1779141009019344_781183063520236000_o-682x1024.jpg 682w, https:\/\/sohaut.ca\/wp-content\/uploads\/2018\/10\/15271863_1779141009019344_781183063520236000_o-600x901.jpg 600w\" sizes=\"(max-width: 1364px) 100vw, 1364px\" \/>                            <img width=\"4000\" height=\"5000\" src=\"https:\/\/sohaut.ca\/wp-content\/uploads\/2018\/10\/adult-barber-barbershop-1319462.jpg\" class=\"mkdf-si-stack-image\" alt=\"\" loading=\"lazy\" srcset=\"https:\/\/sohaut.ca\/wp-content\/uploads\/2018\/10\/adult-barber-barbershop-1319462.jpg 4000w, https:\/\/sohaut.ca\/wp-content\/uploads\/2018\/10\/adult-barber-barbershop-1319462-240x300.jpg 240w, https:\/\/sohaut.ca\/wp-content\/uploads\/2018\/10\/adult-barber-barbershop-1319462-768x960.jpg 768w, https:\/\/sohaut.ca\/wp-content\/uploads\/2018\/10\/adult-barber-barbershop-1319462-819x1024.jpg 819w, https:\/\/sohaut.ca\/wp-content\/uploads\/2018\/10\/adult-barber-barbershop-1319462-600x750.jpg 600w\" sizes=\"(max-width: 4000px) 100vw, 4000px\" \/>            <\/div>\n<\/div>[\/vc_column][\/vc_row]<\/p>\n<\/div>","protected":false},"excerpt":{"rendered":"<p>[vc_row row_content_width=\u00a0\u00bbgrid\u00a0\u00bb css=\u00a0\u00bb.vc_custom_1524661081724{padding-top: 137px !important;padding-bottom: 87px !important;}\u00a0\u00bb][vc_column offset=\u00a0\u00bbvc_col-lg-offset-0 vc_col-lg-6 vc_col-md-offset-1 vc_col-md-10 vc_col-sm-offset-0&Prime;][vc_column_text] Le salon de coiffure par excellence pour hommes [\/vc_column_text][vc_empty_space height=\u00a0\u00bb35px\u00a0\u00bb][vc_column_text]So-Haut vous\u00a0offre une \u00e9quipe d&rsquo;experts du cuir chevelu masculin qui saura r\u00e9pondre \u00e0 toutes vos attentes dans une ambiance [&hellip;]<\/p>\n","protected":false},"author":1,"featured_media":0,"parent":0,"menu_order":0,"comment_status":"closed","ping_status":"closed","template":"","meta":[],"_links":{"self":[{"href":"https:\/\/sohaut.ca\/index.php\/wp-json\/wp\/v2\/pages\/3989"}],"collection":[{"href":"https:\/\/sohaut.ca\/index.php\/wp-json\/wp\/v2\/pages"}],"about":[{"href":"https:\/\/sohaut.ca\/index.php\/wp-json\/wp\/v2\/types\/page"}],"author":[{"embeddable":true,"href":"https:\/\/sohaut.ca\/index.php\/wp-json\/wp\/v2\/users\/1"}],"replies":[{"embeddable":true,"href":"https:\/\/sohaut.ca\/index.php\/wp-json\/wp\/v2\/comments?post=3989"}],"version-history":[{"count":19,"href":"https:\/\/sohaut.ca\/index.php\/wp-json\/wp\/v2\/pages\/3989\/revisions"}],"predecessor-version":[{"id":4736,"href":"https:\/\/sohaut.ca\/index.php\/wp-json\/wp\/v2\/pages\/3989\/revisions\/4736"}],"wp:attachment":[{"href":"https:\/\/sohaut.ca\/index.php\/wp-json\/wp\/v2\/media?parent=3989"}],"curies":[{"name":"wp","href":"https:\/\/api.w.org\/{rel}","templated":true}]}}