{"id":4503,"date":"2020-12-09T18:51:34","date_gmt":"2020-12-09T18:51:34","guid":{"rendered":"https:\/\/sohaut.ca\/?post_type=product&#038;p=4503"},"modified":"2021-05-06T22:53:24","modified_gmt":"2021-05-06T22:53:24","slug":"shampooing-all-soft-mega-300ml","status":"publish","type":"product","link":"https:\/\/sohaut.ca\/index.php\/product\/shampooing-all-soft-mega-300ml\/","title":{"rendered":"SHAMPOOING ALL SOFT MEGA 300ML REDKEN"},"content":{"rendered":"<p>PROPULS\u00c9 PAR LA SCIENCE : \u2022 1 % complexe nourrissant \u2022 Le syst\u00e8me all soft mega \u2013 avec alo\u00e8s + superaliment + complexe \u2022 Huile d\u2019argan et polym\u00e8res cationiques revitalisants UTILISATION : Utiliser comme un r\u00e9gime capillaire complet avec l&rsquo;apr\u00e8s-shampooing et Hydramelt All Soft Mega. Appliquer sur les cheveux mouill\u00e9s, masser pour faire mousser, puis rincer. Faire suivre de l&rsquo;apr\u00e8s-shampooing et de Hydramelt.<\/p>\n","protected":false},"excerpt":{"rendered":"<p>D\u00c9FINITION : Shampooing nourissant pour cheveux extr\u00eament secs et r\u00eaches<\/p>\n<p>*Livraison fixe \u00e0 5,00$ pour Gatineau, Cantley, Chelsea<\/p>\n<p><em>**Les taxes sont incluses<\/em><\/p>\n","protected":false},"featured_media":4707,"comment_status":"open","ping_status":"closed","template":"","meta":[],"product_cat":[116,108],"product_tag":[],"_links":{"self":[{"href":"https:\/\/sohaut.ca\/index.php\/wp-json\/wp\/v2\/product\/4503"}],"collection":[{"href":"https:\/\/sohaut.ca\/index.php\/wp-json\/wp\/v2\/product"}],"about":[{"href":"https:\/\/sohaut.ca\/index.php\/wp-json\/wp\/v2\/types\/product"}],"replies":[{"embeddable":true,"href":"https:\/\/sohaut.ca\/index.php\/wp-json\/wp\/v2\/comments?post=4503"}],"wp:featuredmedia":[{"embeddable":true,"href":"https:\/\/sohaut.ca\/index.php\/wp-json\/wp\/v2\/media\/4707"}],"wp:attachment":[{"href":"https:\/\/sohaut.ca\/index.php\/wp-json\/wp\/v2\/media?parent=4503"}],"wp:term":[{"taxonomy":"product_cat","embeddable":true,"href":"https:\/\/sohaut.ca\/index.php\/wp-json\/wp\/v2\/product_cat?post=4503"},{"taxonomy":"product_tag","embeddable":true,"href":"https:\/\/sohaut.ca\/index.php\/wp-json\/wp\/v2\/product_tag?post=4503"}],"curies":[{"name":"wp","href":"https:\/\/api.w.org\/{rel}","templated":true}]}}